{"id":302,"date":"2024-11-25T18:25:22","date_gmt":"2024-11-25T18:25:22","guid":{"rendered":"https:\/\/pressbooks.ccconline.org\/spanish1011\/?post_type=chapter&#038;p=302"},"modified":"2025-08-25T22:38:45","modified_gmt":"2025-08-25T22:38:45","slug":"modulo-4-practica","status":"publish","type":"chapter","link":"https:\/\/pressbooks.ccconline.org\/spanish1011\/chapter\/modulo-4-practica\/","title":{"raw":"Pr\u00e1ctica","rendered":"Pr\u00e1ctica"},"content":{"raw":"<div class=\"textbox textbox--exercises\">\r\n    <div class=\"textbox__content\">\r\n\r\n        [caption id=\"attachment_346\" align=\"aligncenter\" width=\"1021\"]<img class=\"wp-image-346 size-full\" src=\"https:\/\/pressbooks.ccconline.org\/spanish1011\/wp-content\/uploads\/sites\/210\/2024\/11\/torres.png\" alt=\"Diagram of La Familia Torres family tree.\" width=\"1021\" height=\"672\" \/> <span lang=\"en-US\">Family tree: Lidia and Tom\u00e1s are married. They have two children, Lorenzo and Lorena. Lorenzo is married to Luis, and they have three children, twins Luc\u00eda and Sof\u00eda and Carlos. Lorena is divorced from Omar, and they have three children, Dar\u00edo, Rub\u00e9n and Valeria. Dar\u00edo is married to Celeste and they have a baby, Juliana<\/span>.[\/caption]\r\n\r\n        <!-- [h5p id=\"4\"] -->\r\n\r\n    <\/div>\r\n<\/div>\r\n[h5p id=\"5\"]\r\n\r\n<h2 lang=\"en-US\">Image credits<\/h2>\r\n<ul>\r\n    <li lang=\"en-US\">Photos: <a href=\"Pexels.com\">Pexels<\/a><\/li>\r\n    <li lang=\"en-US\">Vectors: <a href=\"Freepik.com\">Freepik<\/a><\/li>\r\n<\/ul>","rendered":"<div class=\"textbox textbox--exercises\">\n<div class=\"textbox__content\">\n<figure id=\"attachment_346\" aria-describedby=\"caption-attachment-346\" style=\"width: 1021px\" class=\"wp-caption aligncenter\"><img loading=\"lazy\" decoding=\"async\" class=\"wp-image-346 size-full\" src=\"https:\/\/pressbooks.ccconline.org\/spanish1011\/wp-content\/uploads\/sites\/210\/2024\/11\/torres.png\" alt=\"Diagram of La Familia Torres family tree.\" width=\"1021\" height=\"672\" srcset=\"https:\/\/pressbooks.ccconline.org\/spanish1011\/wp-content\/uploads\/sites\/210\/2024\/11\/torres.png 1021w, https:\/\/pressbooks.ccconline.org\/spanish1011\/wp-content\/uploads\/sites\/210\/2024\/11\/torres-300x197.png 300w, https:\/\/pressbooks.ccconline.org\/spanish1011\/wp-content\/uploads\/sites\/210\/2024\/11\/torres-768x505.png 768w, https:\/\/pressbooks.ccconline.org\/spanish1011\/wp-content\/uploads\/sites\/210\/2024\/11\/torres-65x43.png 65w, https:\/\/pressbooks.ccconline.org\/spanish1011\/wp-content\/uploads\/sites\/210\/2024\/11\/torres-225x148.png 225w, https:\/\/pressbooks.ccconline.org\/spanish1011\/wp-content\/uploads\/sites\/210\/2024\/11\/torres-350x230.png 350w\" sizes=\"auto, (max-width: 1021px) 100vw, 1021px\" \/><figcaption id=\"caption-attachment-346\" class=\"wp-caption-text\"><span lang=\"en-US\">Family tree: Lidia and Tom\u00e1s are married. They have two children, Lorenzo and Lorena. Lorenzo is married to Luis, and they have three children, twins Luc\u00eda and Sof\u00eda and Carlos. Lorena is divorced from Omar, and they have three children, Dar\u00edo, Rub\u00e9n and Valeria. Dar\u00edo is married to Celeste and they have a baby, Juliana<\/span>.<\/figcaption><\/figure>\n<p>        <!-- [h5p id=\"4\"] --><\/p><\/div>\n<\/div>\n<div id=\"h5p-5\">\n<div class=\"h5p-iframe-wrapper\"><iframe id=\"h5p-iframe-5\" class=\"h5p-iframe\" data-content-id=\"5\" style=\"height:1px\" src=\"about:blank\" frameBorder=\"0\" scrolling=\"no\" title=\"M\u00f3dulo 4 Pr\u00e1ctica 2\"><\/iframe><\/div>\n<\/div>\n<h2 lang=\"en-US\">Image credits<\/h2>\n<ul>\n<li lang=\"en-US\">Photos: <a href=\"Pexels.com\">Pexels<\/a><\/li>\n<li lang=\"en-US\">Vectors: <a href=\"Freepik.com\">Freepik<\/a><\/li>\n<\/ul>\n","protected":false},"author":33,"menu_order":6,"template":"","meta":{"pb_show_title":"on","pb_short_title":"","pb_subtitle":"","pb_authors":[],"pb_section_license":""},"chapter-type":[48],"contributor":[],"license":[],"class_list":["post-302","chapter","type-chapter","status-publish","hentry","chapter-type-numberless"],"part":357,"_links":{"self":[{"href":"https:\/\/pressbooks.ccconline.org\/spanish1011\/wp-json\/pressbooks\/v2\/chapters\/302","targetHints":{"allow":["GET"]}}],"collection":[{"href":"https:\/\/pressbooks.ccconline.org\/spanish1011\/wp-json\/pressbooks\/v2\/chapters"}],"about":[{"href":"https:\/\/pressbooks.ccconline.org\/spanish1011\/wp-json\/wp\/v2\/types\/chapter"}],"author":[{"embeddable":true,"href":"https:\/\/pressbooks.ccconline.org\/spanish1011\/wp-json\/wp\/v2\/users\/33"}],"version-history":[{"count":8,"href":"https:\/\/pressbooks.ccconline.org\/spanish1011\/wp-json\/pressbooks\/v2\/chapters\/302\/revisions"}],"predecessor-version":[{"id":845,"href":"https:\/\/pressbooks.ccconline.org\/spanish1011\/wp-json\/pressbooks\/v2\/chapters\/302\/revisions\/845"}],"part":[{"href":"https:\/\/pressbooks.ccconline.org\/spanish1011\/wp-json\/pressbooks\/v2\/parts\/357"}],"metadata":[{"href":"https:\/\/pressbooks.ccconline.org\/spanish1011\/wp-json\/pressbooks\/v2\/chapters\/302\/metadata\/"}],"wp:attachment":[{"href":"https:\/\/pressbooks.ccconline.org\/spanish1011\/wp-json\/wp\/v2\/media?parent=302"}],"wp:term":[{"taxonomy":"chapter-type","embeddable":true,"href":"https:\/\/pressbooks.ccconline.org\/spanish1011\/wp-json\/pressbooks\/v2\/chapter-type?post=302"},{"taxonomy":"contributor","embeddable":true,"href":"https:\/\/pressbooks.ccconline.org\/spanish1011\/wp-json\/wp\/v2\/contributor?post=302"},{"taxonomy":"license","embeddable":true,"href":"https:\/\/pressbooks.ccconline.org\/spanish1011\/wp-json\/wp\/v2\/license?post=302"}],"curies":[{"name":"wp","href":"https:\/\/api.w.org\/{rel}","templated":true}]}}

Práctica

<div class="textbox textbox--exercises">
    <div class="textbox__content">

        [caption id="attachment_346" align="aligncenter" width="1021"]<img class="wp-image-346 size-full" src="https://pressbooks.ccconline.org/spanish1011/wp-content/uploads/sites/210/2024/11/torres.png" alt="Diagram of La Familia Torres family tree." width="1021" height="672" /> <span lang="en-US">Family tree: Lidia and Tomás are married. They have two children, Lorenzo and Lorena. Lorenzo is married to Luis, and they have three children, twins Lucía and Sofía and Carlos. Lorena is divorced from Omar, and they have three children, Darío, Rubén and Valeria. Darío is married to Celeste and they have a baby, Juliana</span>.[/caption]

        <!-- [h5p id="4"] -->

    </div>
</div>
[h5p id="5"]

<h2 lang="en-US">Image credits</h2>
<ul>
    <li lang="en-US">Photos: <a href="Pexels.com">Pexels</a></li>
    <li lang="en-US">Vectors: <a href="Freepik.com">Freepik</a></li>
</ul>

<div class="textbox textbox--exercises">
<div class="textbox__content">
<figure id="attachment_346" aria-describedby="caption-attachment-346" style="width: 1021px" class="wp-caption aligncenter"><img loading="lazy" decoding="async" class="wp-image-346 size-full" src="https://pressbooks.ccconline.org/spanish1011/wp-content/uploads/sites/210/2024/11/torres.png" alt="Diagram of La Familia Torres family tree." width="1021" height="672" srcset="https://pressbooks.ccconline.org/spanish1011/wp-content/uploads/sites/210/2024/11/torres.png 1021w, https://pressbooks.ccconline.org/spanish1011/wp-content/uploads/sites/210/2024/11/torres-300x197.png 300w, https://pressbooks.ccconline.org/spanish1011/wp-content/uploads/sites/210/2024/11/torres-768x505.png 768w, https://pressbooks.ccconline.org/spanish1011/wp-content/uploads/sites/210/2024/11/torres-65x43.png 65w, https://pressbooks.ccconline.org/spanish1011/wp-content/uploads/sites/210/2024/11/torres-225x148.png 225w, https://pressbooks.ccconline.org/spanish1011/wp-content/uploads/sites/210/2024/11/torres-350x230.png 350w" sizes="auto, (max-width: 1021px) 100vw, 1021px" /><figcaption id="caption-attachment-346" class="wp-caption-text"><span lang="en-US">Family tree: Lidia and Tomás are married. They have two children, Lorenzo and Lorena. Lorenzo is married to Luis, and they have three children, twins Lucía and Sofía and Carlos. Lorena is divorced from Omar, and they have three children, Darío, Rubén and Valeria. Darío is married to Celeste and they have a baby, Juliana</span>.</figcaption></figure>
<p>        <!-- [h5p id="4"] --></p></div>
</div>
<div id="h5p-5">
<div class="h5p-iframe-wrapper"><iframe id="h5p-iframe-5" class="h5p-iframe" data-content-id="5" style="height:1px" src="about:blank" frameBorder="0" scrolling="no" title="Módulo 4 Práctica 2"></iframe></div>
</div>
<h2 lang="en-US">Image credits</h2>
<ul>
<li lang="en-US">Photos: <a href="Pexels.com">Pexels</a></li>
<li lang="en-US">Vectors: <a href="Freepik.com">Freepik</a></li>
</ul>
